{"id":13,"date":"2010-05-05T08:53:31","date_gmt":"2010-05-05T08:53:31","guid":{"rendered":"http:\/\/betafiles.berg.fo\/?page_id=13"},"modified":"2010-12-20T21:57:16","modified_gmt":"2010-12-20T21:57:16","slug":"menakhem-ben-yami-dr-hc","status":"publish","type":"page","link":"https:\/\/betafiles.fo\/?page_id=13","title":{"rendered":"Menakhem Ben-Yami, Dr hc"},"content":{"rendered":"<p>&#8220;Ta\u00f0 hevur veri\u00f0 f\u00f8rt fram n\u00fdliga, at umhv\u00f8rvislig data gerast alsamt meira t\u00fddningarmikil \u00ed v\u00edsindaligum metingaum av fiskastovnum. Tann ke\u00f0iligi sannleikin er, at umhv\u00f8rvislig data hava alt\u00ed\u00f0 veri\u00f0 t\u00fddningarmikil. Ta\u00f0 hevur bara veri\u00f0 s\u00e6\u00f0 burtur fr\u00e1 ella hevur ikki veri\u00f0 g\u00e1a\u00f0 eftir teimum \u00ed n\u00f3gv \u00e1r, og ikki fyrr enn n\u00fa er tann almenna v\u00edsindin vi\u00f0 gongdina \u00ed fiskastovnum.<\/p>\n<p>Besti m\u00e1tin at f\u00e1a nyttu burtur \u00fa Beta uppl\u00fdsingunum er at starvseta\/f\u00edggja ein ella fleiri MSc ella PhD lesandi, i\u00f0 h\u00f8vdu kunna\u00f0 greina\u00f0 uppl\u00fdsingarnar og samanf\u00f8rt t\u00e6r eftir tv\u00f8rfakligum leisti, og samstundis samanbori\u00f0 t\u00e6r vi\u00f0 data uttan\u00edfra (sum ikki eru vi\u00f0 \u00ed uppl\u00fdsingunum) um umhv\u00f8rvisligar og klimatiskar broytingar og sveigggj, fyri at f\u00e1a eina betri fatan av, hv\u00f8rji vi\u00f0urskifti st\u00fdra t\u00ed f\u00f8royska botnfiska tilfeinginum, og hvussu (hetta skuldi eisini umfata\u00f0 \u00e1rini\u00f0 av broytingum \u00ed vei\u00f0itr\u00fdsti sum kemur av st\u00f8\u00f0uni \u00e1 markna\u00f0inum). Stutt sagt, hetta hev\u00f0i kombinera\u00f0 fiskivinnu vi\u00f0 havfr\u00f8\u00f0i og b\u00faskaparfr\u00f8\u00f0i.<\/p>\n<p>Eg hev\u00f0i t\u00ed ikki sett m\u00edtt \u00e1lit \u00e1 v\u00f8nir um, at altj\u00f3\u00f0a granskarar veruliga fara undir at arbei\u00f0a vi\u00f0 uppl\u00fdsingunum hj\u00e1 Beta. Teir hava s\u00ednar egnu dagsskr\u00e1ir, avmarka\u00f0ar f\u00edggjar\u00e6tlanir, o.s.fr. Heldur hev\u00f0i eg hugsa\u00f0 um ta\u00f0 f\u00f8royska vinnuliga umv\u00f8rvi\u00f0, kanska \u00ed samstarvi vi\u00f0 ta\u00f0 danska, \u00edslendska og norska, til tess at skapa ein grunn fyri sl\u00edka roynd. Um so ver\u00f0ur, skuldi eg sj\u00e1lvbo\u00f0in hj\u00e1lpt til at lagt arbei\u00f0s\u00e6tlan, or\u00f0a\u00f0 endam\u00e1l og veitt naka\u00f0 av r\u00e1\u00f0geving.&#8221;<\/p>\n<p style=\"text-align: right;\">Menakhem Ben-Yami, Dr hc<\/p>\n<p style=\"text-align: right;\">Altj\u00f3\u00f0a \u00f3heftur fiskivinnu serfr\u00f8\u00f0ingur<\/p>\n","protected":false},"excerpt":{"rendered":"<p>&#8220;Ta\u00f0 hevur veri\u00f0 f\u00f8rt fram n\u00fdliga, at umhv\u00f8rvislig data gerast alsamt meira t\u00fddningarmikil \u00ed v\u00edsindaligum metingaum av fiskastovnum. Tann ke\u00f0iligi sannleikin er, at umhv\u00f8rvislig data hava alt\u00ed\u00f0 veri\u00f0 t\u00fddningarmikil. Ta\u00f0 hevur bara veri\u00f0 s\u00e6\u00f0 burtur fr\u00e1 ella hevur ikki veri\u00f0 g\u00e1a\u00f0 eftir teimum \u00ed n\u00f3gv \u00e1r, og ikki fyrr enn n\u00fa er tann almenna v\u00edsindin [&#8230;]<\/p>\n","protected":false},"author":1,"featured_media":0,"parent":2,"menu_order":0,"comment_status":"closed","ping_status":"closed","template":"","meta":{"footnotes":""},"class_list":["post-13","page","type-page","status-publish","hentry","odd"],"_links":{"self":[{"href":"https:\/\/betafiles.fo\/index.php?rest_route=\/wp\/v2\/pages\/13","targetHints":{"allow":["GET"]}}],"collection":[{"href":"https:\/\/betafiles.fo\/index.php?rest_route=\/wp\/v2\/pages"}],"about":[{"href":"https:\/\/betafiles.fo\/index.php?rest_route=\/wp\/v2\/types\/page"}],"author":[{"embeddable":true,"href":"https:\/\/betafiles.fo\/index.php?rest_route=\/wp\/v2\/users\/1"}],"replies":[{"embeddable":true,"href":"https:\/\/betafiles.fo\/index.php?rest_route=%2Fwp%2Fv2%2Fcomments&post=13"}],"version-history":[{"count":5,"href":"https:\/\/betafiles.fo\/index.php?rest_route=\/wp\/v2\/pages\/13\/revisions"}],"predecessor-version":[{"id":66,"href":"https:\/\/betafiles.fo\/index.php?rest_route=\/wp\/v2\/pages\/13\/revisions\/66"}],"up":[{"embeddable":true,"href":"https:\/\/betafiles.fo\/index.php?rest_route=\/wp\/v2\/pages\/2"}],"wp:attachment":[{"href":"https:\/\/betafiles.fo\/index.php?rest_route=%2Fwp%2Fv2%2Fmedia&parent=13"}],"curies":[{"name":"wp","href":"https:\/\/api.w.org\/{rel}","templated":true}]}}